24*d + 7*d. Give u(9).
19
Let b = 4525 - 4522. Let z(h) = 7*h**2 - 20*h - 5. Calculate z(b).
-2
Let j(t) = -123*t + 243*t - 2 - 121*t. Let n be j(7). Let z(s) = -s - 5. What is z(n)?
4
Let d(k) be the second derivative of 2*k**2 - 10 + 5/6*k**3 + 2*k. Calculate d(-3).
-11
Let w = 18292 + -18293. Let o(r) = -17*r**3 - r**2 - r - 1. Determine o(w).
16
Let n(k) = k**3 + 4*k**2 + 8*k + 5. Let d be (222/(-259))/(2/7). Give n(d).
-10
Let p(d) = d**3 + 8*d**2 - 12*d - 22. Suppose -13*j + 100*j = -783. Calculate p(j).
5
Let b(w) = 10 + w**2 + 12 - 41 - 9*w + 15. Let u be b(10). Let v(j) = -10*j**2 + 16*j**2 - 7 - 4*j**2 + 9*j - 3*j**2. What is v(u)?
11
Let n(t) = t**3 + 7*t**2 - 3. Let o be n(-7). Let l(u) = 21*u + 2. Let i(h) = 52*h + 5. Let g(f) = -4*i(f) + 10*l(f). Determine g(o).
-6
Let f(d) = -7*d**3 - 8*d**2 - 7*d - 2. Let p(c) = -12*c**3 - 15*c**2 - 14*c - 4. Let a(u) = 5*f(u) - 3*p(u). Let x be a(-2). Let r(m) = m + 44. Determine r(x).
44
Let w(l) = -l + 1309*l**2 - 2610*l**2 - 10*l + 10*l + 1302*l**2. Let j = 0 - -2. Suppose -i + j + 0 = 0. Determine w(i).
2
Let g(c) = 2*c + 10. Let t be g(-9). Let y(i) = -4761*i + 2383*i - 1 + 2377*i. Determine y(t).
7
Suppose 5*u - 55 = -6*u. Let i(c) = -2*c**2 - u - 7 + 0 + 6*c + 7. Calculate i(4).
-13
Suppose -4*c + 9 = -3*z - 2*c, -3*z - 3*c + 6 = 0. Let d be 19 + (z - 0/(-4)). Let r be 6/d - 2/(-3). Let s(t) = -t**2 + 1. Determine s(r).
0
Let c(w) = 4*w**2 - 3*w - 1. Let f(d) be the second derivative of d**5/20 - d**4 - 8*d**3/3 + 41*d**2/2 - 66*d + 2. Let s be f(13). What is c(s)?
9
Suppose -10 = -5*r + 4*l, 6*r + 5*l + 27 = 5*r. Let i = -8 - -10. Let t(k) = 0*k - 1 + 4*k**i + 5*k - 4*k. Determine t(r).
13
Let p(m) = 2*m**2 - 10*m - 21. Suppose -22 = -2*w - 2*d, 19*w - 20*w - 5*d = -31. Give p(w).
-9
Let t = 350 + -349. Suppose 7*j - 2*j = 0. Let n(u) = 4 + j - u - 1 + t. Determine n(4).
0
Let m(z) = 11*z - 3*z**2 - 3*z**2 + 8 + 7*z**2. Let a(h) = h**2 - 14*h + 14. Let q be 13 + (-30)/5 - (7 - 12). Let s be a(q). Give m(s).
-2
Suppose -5*c - 3*g - 1 - 2 = 0, -c - g + 1 = 0. Let z(i) = 57*i - 62. Let n(d) = 10*d - 11. Let a(p) = -34*n(p) + 6*z(p). Calculate a(c).
-4
Let m(u) = -u**3 + 5*u**2 + 16*u - 14. Let j(n) = -n**2 - 136*n - 392. Let s be j(-3). Determine m(s).
0
Let c(v) = -8*v + 16. Let p(b) = -6*b + 11. Let t(d) = -5*c(d) + 7*p(d). What is t(12)?
-27
Suppose -3*t = 2*t - x - 19, -5*t - 5*x + 25 = 0. Let w = t + -11. Let d(s) = 4*s + 3. Let k(v) = 25*v + 26. Let f(b) = -6*d(b) + k(b). Give f(w).
1
Let k(d) = -3*d**2 + 53*d + 351. Let c be k(-5). Let x(p) = 6*p - 45. Calculate x(c).
21
Let n = -21 - -21. Let h(y) = -2*y**2 - 8*y - 2. Let d be h(n). Let w(s) = -s**3 + 3*s**2 - 2. Determine w(d).
18
Let j(f) = 4*f**2 + 16*f**2 - 2 - 36*f + 12 + 8*f - 17*f**2. Give j(8).
-22
Let d(k) = -61*k + 22. Let g(a) = -35*a + 11. Let t(q) = 5*d(q) - 9*g(q). What is t(0)?
11
Let b(n) = -3*n**2 + 40*n**3 - 35111 + 35112 - 41*n**3 + 3*n**2 - 2*n. Let c = -21 - -23. Calculate b(c).
-11
Let c(j) = -j**3 + 8*j**2 - 14*j + 41. Suppose 87*l + 315 = 132*l. Calculate c(l).
-8
Let f(h) = 51*h - 5057. Let v be f(99). Let g(r) = -r**3 - 7*r**2 + 9*r + 14. Give g(v).
6
Let d(b) = 17*b**2 - 14*b - 4*b**2 + 37 - 9*b**2 - 2*b**2 - b**2. Calculate d(5).
-8
Let u(i) be the second derivative of -i**3/6 + i**2/2 - 6*i. Let c(j) = j + 7. Let r = 14 + -13. Let m(k) = r*u(k) - c(k). Give m(-4).
2
Let p(j) = 2*j**2 - 5*j**2 + 2*j**2 - j. Let v be p(-1). Let h(t) = -2*t + 14 - t**2 + 4*t + 7*t - 10*t + 2*t. Calculate h(v).
14
Suppose 4*f + 2*l = l + 12, -4*f = -2*l - 12. Let b(d) = -396 + d**3 - 2*d + 800 - 2*d**2 - 400. Determine b(f).
7
Let m be 12 - (-6 - -14) - 2/1. Let w(p) = 12 - 4*p**2 - 5*p + 14 - p**3 + 2*p**2 - 3*p**m - 25. Calculate w(-4).
5
Let t(c) = c + 11. Let a = 65 - 20. Let l = -10 + a. Suppose l*r = 34*r - 8. Determine t(r).
3
Let w(r) = -2*r**2 + 11*r + 1. Let d be -12*((33/154)/((-6)/(-7)) + -1). Determine w(d).
-62
Let f(z) = 2*z - 44. Let k(x) = x - 29. Let c = -439 - -447. Let j(m) = c*k(m) - 5*f(m). Determine j(-8).
4
Let o(l) = l**3 - 8*l**2 - 12*l - 5. Let x be o(10). Let b = 71 - x. Let v(a) = a**3 + 3*a**2 - 4*a + 2. Determine v(b).
2
Let f = -262 + 265. Let c(h) = 71*h**2 - 33 - 140*h**2 + 4*h - 5*h + 68*h**2 + h**f. Determine c(0).
-33
Let k(n) = -n**2 + 23*n - 64. Suppose 716*w - 730*w = -266. What is k(w)?
12
Let d(t) = -t - 5. Let x(v) = v**3 - 14*v**2 + 4*v - 69. Let h(c) = -c**3 + 20*c**2 - 62*c - 18. Let l be h(16). Let j be x(l). Determine d(j).
8
Let m(x) = -17*x**2 + 9*x + 42. Let u(l) = -7*l**2 + 4*l + 20. Let n(f) = 2*m(f) - 5*u(f). Determine n(-4).
8
Let w(g) = g**3 + 13*g**2 + 3*g + 44. Let d be (1508/(-174))/(2/3). Determine w(d).
5
Let r be (-48)/20 + (-6)/(-15). Let u be 3 + 0 - (-2 - r). Let p(k) = -2*k**2 + 3*k + 2. What is p(u)?
-7
Suppose 14*m - 49 = 21. Let p(n) = -10*n + 6. Give p(m).
-44
Let i(f) = f**3 + 2*f**2 - 4*f - 7. Let b be i(-2). Let v be (b + 1)*(-234)/(-52). Let m(h) = h**3 - 8*h**2 - 10*h + 13. Give m(v).
4
Let h(a) = -3*a + 185. Let g be h(31). Suppose 3*r + g = 98. Let w(j) = -j**3 - j**2 + 2*j + 1. Determine w(r).
-7
Let o(y) = -2*y**2 - y**2 + y**2 - 70*y + y**2 + 63*y - 3. Determine o(-10).
-33
Let d(w) = -w**2 - 6*w + 25. Suppose -4*x - 7 + 28 = -3*i, -2*x + 3 = i. Let r be d(x). Let j(f) = -2*f**3 - f**2 - 3*f - 3. Determine j(r).
15
Let t(u) = u**2 + 6*u + 4. Let h(k) = 1. Let y(c) = -c - 25. Let v(o) = -3*h(o) + y(o). Let p be v(-23). Let m be t(p). Let l(d) = -8*d - 1. Determine l(m).
7
Let z(w) = -w**3 - 11*w**2 + 10*w - 22. Suppose -51 = -14*x + 18*x + 3*s, 0 = -5*x + 2*s - 58. Determine z(x).
2
Suppose 0 = -5*i + j, 22 = 2*i - 0*j + 4*j. Let b be 1 - -2 - (i - -5). Let x be 2 + (b - 2) + -2. Let c(w) = w**2 + 6*w + 5. Give c(x).
0
Let k(o) be the second derivative of o**5/20 - o**4/6 - o**3/2 + 2*o**2 + 163*o. Determine k(3).
4
Suppose 0 = -3*x - 4*m, 3*x + 17 = 3*m - 4. Suppose -2*n - 4 = -10, -4*c = 2*n - 14. Let k(l) = -2 + 5*l**2 - 6*l**c - 4 + 5 - 3 - 4*l. Determine k(x).
-4
Let r(n) = n**2 + n - 12. Suppose -34*c - 4*s - 8 = -46*c, 5*c + 4*s = -8. What is r(c)?
-12
Let t be (8/(-10))/(-2) - (-406)/35. Let i(r) = -r**3 + 12*r**2 - 4*r + 37. Give i(t).
-11
Suppose 2*w - 8 = 0, -w = -2*h + 2*w - 10. Let p(o) = -17*o**2 + h + o + 16*o**2 + 0. Give p(0).
1
Let f(j) = 6*j + 28. Let u(o) = -11*o - 28. Let w(a) = 6*f(a) + 5*u(a). Give w(0).
28
Let k(w) = -6 + 3 + 0 + 2 + w**2 + 14*w - w**3 - 7. Determine k(4).
0
Let w = -4844 + 4840. Let s(i) = -3*i**2 - 9*i + 1. Calculate s(w).
-11
Let h(p) = p**2 + 6*p - 1. Let q = 13143 - 13150. Give h(q).
6
Suppose -13*r + 777 = 70*r - 717. Let g(o) = o**3 - 18*o**2 - o + 33. What is g(r)?
15
Let g be (22/(-8) - 1/4) + (-646)/(-204). Let h(d) be the second derivative of g*d**3 + 0*d**2 + 0 + 1/6*d**4 + 17*d. Calculate h(-1).
1
Let p(j) be the third derivative of j**4/24 + j**3 - 8*j**2 - 895*j. Let g be (-1 - 1)/((-4)/14). Let n = 0 - g. Calculate p(n).
-1
Let z(i) = -4*i + 19. Let f(j) be the first derivative of -77*j**2/2 + 3*j + 48. Let p be f(0). Give z(p).
7
Let r(s) = 38*s - 119. Let q(w) = -2*w**3 - 23*w**2 + 29*w - 127. Let x be q(-13). Give r(x).
-5
Let q(m) be the second derivative of -m**5/20 - m**4/12 + m**3/2 - m**2 + 12*m. Suppose 2*t + 4 = 4*d, 15*d - 4 = 3*t + 10*d. Calculate q(t).
-8
Let c(l) be the second derivative of -34 + 0*l**2 - 2/3*l**4 + 0*l**3 + 2*l. Determine c(1).
-8
Let p(m) = -m**3 + 11*m**2 + 11*m + 27. Let c(h) = -48*h**2 + 1345*h - 16. Let z be c(28). Calculate p(z).
15
Let x(g) = -g**3 - 6*g**2 - 9*g - 10. Suppose 4*q - 2*o + 30 = 0, 2*q + 3*o = -2*q + 5. Determine x(q).
-6
Let d(c) = 604*c + 566*c + 3 - 1169*c. Calculate d(17).
20
Let l(b) = b**3 + 6*b**2 - 11*b - 8. Let u = 160 + -153. Suppose 6*r - u = 7*r. Give l(r).
20
Let l(u) = u + 8. Let j be 10/((-6 - 0)/3). Let h be l(j). Let k(g) = g**h - 10 + g + 4 + 0*g - 2*g + g**2. Calculate k(0).
-6
Let q(f) = -196 + 582 - 181 - 8*f - 195. What is q(-4)?
42
Let q(b) = 53*b - 50*b + 30 - 8 - 53 - 57. Give q(27).
-7
Suppose 3*l + 4*m = -13 + 37, -l = -3*m - 21. Suppose l = 8*x - 20. Let u(p) = 2*p. Determine u(x).
8
Let a be (-104)/(-10) - 6/15. Suppose 0 = -544*t + 536*t - 104. Let p = a + t. Let d(g) = -g**2 - 3*g + 2. Determine d(p).